reatest common divisor of s and 50.
25
Let j = 1490 + -658. What is the highest common divisor of 26 and j?
26
Let d be -76 + (-3 - (-1 - 8)). Let c = 125 + d. Let h be (0 - -4)*22/4. What is the greatest common factor of h and c?
11
Suppose 5*v = v - f + 56, -f = -v + 19. Suppose -243*m - 480 = -247*m. Calculate the greatest common divisor of v and m.
15
Let u(p) = p + 7. Let a be u(-4). Suppose 0 = 3*t - 6*t + c - 1280, 5*t + a*c = -2152. Let r = -303 - t. What is the highest common factor of 25 and r?
25
Let h(p) = -p**3 - 2*p**2 - 3*p + 2. Let w be h(-2). What is the highest common divisor of w and 4?
4
Suppose -25 = 3*b - 8*b. Suppose b = 5*v - 0. Let h be 0 - (0 - 2)*v. What is the highest common divisor of h and 5?
1
Suppose -228 = -3*f - 4*x, -2*f + 147 = 5*x + 2. Let r = f - -19. Calculate the highest common divisor of 11 and r.
11
Suppose -540 = -11925*w + 11916*w. What is the greatest common divisor of w and 400?
20
Let h(t) = -3*t + 19. Let w(z) = 2*z - 9. Let c(l) = 3*h(l) + 5*w(l). Let x be c(-9). Let d be (2/6)/(x/1305). Calculate the greatest common factor of d and 29.
29
Suppose 5*k - 5*h = 385, 3*k - 10*h + 6*h - 230 = 0. What is the greatest common factor of 78 and k?
78
Suppose 3*r - 7*r + 1624 = 3*k, -r = -4*k - 406. Let x = r + -222. Calculate the highest common factor of x and 23.
23
Let l = -74 - -106. Suppose -4*w + 5 = -d, w + 5*d = -0*d + 17. Suppose 35 = 5*f - 5*p, w*p - 2 = -0. What is the highest common factor of f and l?
8
Suppose 3*r - 6 = 0, 0 = -3*q + 5*q - 3*r - 16. Suppose i + i = 5*z + q, -z = -i + 4. Let w be 1*3*14/i. Calculate the greatest common divisor of w and 112.
14
Let p be 1/(-1) - 28*8/(-32). Let a(b) = -b**3 + 5*b**2 - 4*b + 2. Let c be a(2). Calculate the greatest common divisor of c and p.
6
Let w be -1 - (0 - (-6)/(-2)). Suppose 0 = 2*m - 4*m + w. Calculate the greatest common divisor of 9 and m.
1
Let k(q) be the first derivative of q**4/4 + 8*q**3/3 + 2*q**2 + 19*q - 23. Let r be k(-7). Calculate the highest common divisor of 200 and r.
40
Suppose 533 = 15*a - 157. Calculate the highest common factor of a and 115.
23
Suppose -10*x + 2*x + 40 = 0. Suppose -5*z + 0*z = -10. Let m(y) = 8*y**2 + 3*y - 3. Let f be m(z). What is the highest common factor of x and f?
5
Let w(z) = -z - 4. Suppose 3 = 2*l - 11. Let t(u) = -5. Let j(o) = l*w(o) - 6*t(o). Let y be j(-2). What is the greatest common factor of y and 64?
16
Suppose 4*v = 3*z - 5*z + 8, -4*z + 49 = -3*v. Let n be 16384/640 + ((-6)/(-10))/(-1). Calculate the highest common factor of z and n.
5
Let z be (0 - -4) + 6 - 4. Suppose -2*x + z = -14. Calculate the greatest common factor of 80 and x.
10
Let t(x) = -8*x**3. Let k be t(-1). Let n(i) = 10*i - 8. Let q be n(4). Calculate the greatest common factor of q and k.
8
Let v be 229 + (2/8)/((-25)/100). What is the highest common divisor of v and 152?
76
Suppose 8 = v + 4*k - 2*k, -k = -5*v + 40. Suppose 3*i - 34*n - 36 = -38*n, 4*i - 3*n = 73. What is the highest common divisor of i and v?
8
Let s = 8 - 6. Suppose d + 4 = f, 3*f - 25 = 4*d + 8*f. Let i be (34/(-5))/(s/d). Calculate the greatest common divisor of i and 51.
17
Let z(c) = -5 + 5 - 17*c. Let g be z(-2). Suppose 160*b - 159*b - 17 = 0. Calculate the highest common factor of g and b.
17
Let d = 70 - 55. Suppose -9*a - 1296 = -d*a. Calculate the greatest common divisor of a and 24.
24
Let f be ((-3248)/120 + 2/5)*-6. What is the highest common factor of f and 64?
32
Suppose -3*m - 79 + 277 = 0. Suppose -35 - 37 = -6*j. Let z = j - 6. Calculate the greatest common factor of z and m.
6
Suppose 128 = -3*v + 371. Suppose 53 = 5*k + 2*q, -k + 2*q + 3*q = 11. What is the highest common divisor of k and v?
9
Suppose 0 = -3*q - w + 161, -5*w = -0*q - 3*q + 131. What is the highest common divisor of q and 13?
13
Suppose -4*f + 309 + 303 = 0. What is the highest common divisor of f and 18?
9
Let f be -2 - (-6 - -3) - (-3 - -10). Let x(v) = -v**3 - 7*v**2 - 13*v - 5. Let t be x(f). What is the highest common factor of t and 296?
37
Suppose 17*r = -15*r + 1152. What is the highest common factor of 384 and r?
12
Suppose -2*s = 3*t - 0*s - 36, -4*s = 12. What is the greatest common factor of 56 and t?
14
Suppose 0 = 1516*k - 1521*k + 3640. Calculate the highest common factor of 208 and k.
104
Let w(h) = -2*h**3 + 13*h**2 + 6*h. Let r be w(7). Let m be r/((-21)/54) + -1. Calculate the greatest common divisor of 68 and m.
17
Let y be (-1 + 30/(-4))*-2. Suppose -3*l - 25 = x - 6*x, 4*x + 3*l = 20. Let q = y - x. What is the greatest common factor of q and 12?
12
Suppose 0 = 3*a - 4*r - 23, -3*a - 8*r - 22 = -3*r. Suppose -11*i + 3*f + 37 = -6*i, -4*f = -2*i + 26. What is the highest common divisor of a and i?
1
Let h be 3*5/(-15)*2 + 19. What is the greatest common divisor of 68 and h?
17
Suppose 3 = x, 3*x - 8*x = f + 51. Let q = 4 - f. Calculate the highest common divisor of 10 and q.
10
Let n(o) = o**2 - 3*o - 12. Let q be n(6). Suppose q*y = 1064 + 850. Calculate the highest common factor of y and 29.
29
Let q = -75 + 111. Let m be -3 + 30/3 + -1. Suppose -5*d - 5*b + 39 = -d, -2*b + m = 0. What is the highest common factor of d and q?
6
Let h(n) = -54*n + 24*n + 30*n - 1 + 28*n**3. Let j be h(1). Calculate the highest common factor of 27 and j.
27
Suppose -18*t = -1542 - 888. What is the greatest common divisor of t and 30?
15
Let z be 10432/744 - (-16)/(-744). Let p = 26 + 9. What is the greatest common divisor of p and z?
7
Suppose -4*a = 4*t - 88, -2*t + 9 = a - 13. Suppose -3 = -7*f - 3. Suppose 5*q - 255 + 35 = f. What is the highest common divisor of q and a?
22
Let q be ((-12)/10)/(2/20) + 2. Let m(z) = -6*z - 14. Let o be m(q). What is the highest common factor of o and 69?
23
Let x(l) = l**3 - 8*l**2 + 7*l + 10. Let o = 2 + 4. Let z be 14*(2 + (-9)/o). Let q be x(z). Calculate the greatest common factor of q and 5.
5
Suppose 2*s - 36 = 4*v, -s = -3*v - 29 + 1. Let f = -475 - -475. Let l be (f - -220)*v/(-25). Calculate the greatest common factor of l and 8.
8
Suppose 15 = 2*r + r. Suppose 0*s - r*s + 50 = 0. What is the greatest common factor of s and 10?
10
Suppose 0 = -z - 5*z + 234. Suppose 4*m = z + 41. Calculate the greatest common divisor of 8 and m.
4
Let g be (20/3 - 2)/((-28)/(-126)). Let b = g + -19. What is the greatest common divisor of 6 and b?
2
Suppose 119 = 5*k - 211. Let x(g) = g + 0*g - 2*g + k. Let b be x(0). What is the highest common divisor of 11 and b?
11
Suppose -458*l = -462*l + 316. What is the greatest common factor of l and 2528?
79
Let z(w) = -w + 8. Suppose -2*g = -2*l + 3*g + 25, -l + 2 = g. Let r be z(l). Suppose p = r*p - 288. Calculate the greatest common factor of 16 and p.
16
Suppose -5*t - 178 = -1678. Suppose -m - m = t. Let g be (-4)/(-5)*m/(-20). What is the greatest common factor of g and 6?
6
Suppose 8*l - 5*l + 1674 = 4*o, o = 4*l + 412. Calculate the highest common divisor of 10 and o.
10
Let k(b) = 2*b + 29. Let g be k(-12). Suppose -g*u + 0*u + 5 = 0. What is the highest common divisor of u and 2?
1
Let h be -1 + 2 + 3 + -1. Suppose -h*i + 2*i + 2*w + 134 = 0, i = -3*w + 159. Let z = 52 - 36. Calculate the greatest common divisor of z and i.
16
Suppose -69 + 573 = 6*l. Suppose -l = 126*z - 128*z. What is the greatest common factor of z and 168?
42
Let o(u) = -373 - 2*u**3 + 191 + 191 - 7*u - 15*u**2. Let k be o(-7). What is the highest common divisor of k and 45?
9
Let v = 3 - 2. Suppose -7 = c + 5. Let q = 17 + c. Calculate the highest common divisor of v and q.
1
Let f = -161 - -161. Suppose -p - 2*q + 21 = 2*q, -2*q - 4 = f. What is the greatest common divisor of p and 377?
29
Suppose -2*a - 85 = -81, -a + 367 = 3*w. Calculate the highest common divisor of w and 984.
123
Suppose -5*h + 5*p - p + 712 = 0, 5*h - 709 = 3*p. What is the greatest common divisor of 28 and h?
28
Suppose 0 = 20*f - 16*f - 196. Let z = f + -36. What is the greatest common divisor of 13 and z?
13
Let a be (-3)/((-4)/(-32)*-6). Suppose a*u - 44 + 4 = 0. What is the greatest common divisor of 10 and u?
10
Let h = 11806 - 6371. Let l be h/55 + 4/22. What is the greatest common factor of 9 and l?
9
Let u = 674 - 399. Calculate the greatest common divisor of 25 and u.
25
Let h = -7 + 43. Let n be 10/5 + (0 - -5). 